{"id":38,"date":"2021-11-16T17:31:43","date_gmt":"2021-11-16T16:31:43","guid":{"rendered":"https:\/\/www.kats-reiseblog.de\/?page_id=38"},"modified":"2022-11-17T09:26:52","modified_gmt":"2022-11-17T08:26:52","slug":"thats-me","status":"publish","type":"page","link":"https:\/\/www.kats-reiseblog.de\/index.php\/thats-me\/","title":{"rendered":"That\u00b4s me"},"content":{"rendered":"\t\t<div data-elementor-type=\"wp-page\" data-elementor-id=\"38\" class=\"elementor elementor-38\">\n\t\t\t\t\t\t<section class=\"elementor-section elementor-top-section elementor-element elementor-element-3ff668b elementor-section-boxed elementor-section-height-default elementor-section-height-default\" data-id=\"3ff668b\" data-element_type=\"section\" data-e-type=\"section\" data-settings=\"{&quot;background_background&quot;:&quot;classic&quot;}\">\n\t\t\t\t\t\t<div class=\"elementor-container elementor-column-gap-default\">\n\t\t\t\t\t<div class=\"elementor-column elementor-col-100 elementor-top-column elementor-element elementor-element-dfafec7\" data-id=\"dfafec7\" data-element_type=\"column\" data-e-type=\"column\">\n\t\t\t<div class=\"elementor-widget-wrap\">\n\t\t\t\t\t\t\t<\/div>\n\t\t<\/div>\n\t\t\t\t\t<\/div>\n\t\t<\/section>\n\t\t\t\t<section class=\"elementor-section elementor-top-section elementor-element elementor-element-73b3f08 elementor-section-stretched elementor-section-full_width elementor-section-height-default elementor-section-height-default\" data-id=\"73b3f08\" data-element_type=\"section\" data-e-type=\"section\" data-settings=\"{&quot;stretch_section&quot;:&quot;section-stretched&quot;}\">\n\t\t\t\t\t\t<div class=\"elementor-container elementor-column-gap-default\">\n\t\t\t\t\t<div class=\"elementor-column elementor-col-100 elementor-top-column elementor-element elementor-element-81c1eaf\" data-id=\"81c1eaf\" data-element_type=\"column\" data-e-type=\"column\">\n\t\t\t<div class=\"elementor-widget-wrap elementor-element-populated\">\n\t\t\t\t\t\t<div class=\"elementor-element elementor-element-a0b87f0 elementor-widget elementor-widget-heading\" data-id=\"a0b87f0\" data-element_type=\"widget\" data-e-type=\"widget\" data-widget_type=\"heading.default\">\n\t\t\t\t<div class=\"elementor-widget-container\">\n\t\t\t\t\t<h2 class=\"elementor-heading-title elementor-size-default\">That\u00b4s me<\/h2>\t\t\t\t<\/div>\n\t\t\t\t<\/div>\n\t\t\t\t\t<\/div>\n\t\t<\/div>\n\t\t\t\t\t<\/div>\n\t\t<\/section>\n\t\t\t\t<section class=\"elementor-section elementor-top-section elementor-element elementor-element-86ead43 elementor-section-stretched elementor-section-boxed elementor-section-height-default elementor-section-height-default\" data-id=\"86ead43\" data-element_type=\"section\" data-e-type=\"section\" data-settings=\"{&quot;stretch_section&quot;:&quot;section-stretched&quot;}\">\n\t\t\t\t\t\t<div class=\"elementor-container elementor-column-gap-default\">\n\t\t\t\t\t<div class=\"elementor-column elementor-col-50 elementor-top-column elementor-element elementor-element-7454565\" data-id=\"7454565\" data-element_type=\"column\" data-e-type=\"column\">\n\t\t\t<div class=\"elementor-widget-wrap elementor-element-populated\">\n\t\t\t\t\t\t<div class=\"elementor-element elementor-element-f53a681 elementor-widget elementor-widget-text-editor\" data-id=\"f53a681\" data-element_type=\"widget\" data-e-type=\"widget\" data-widget_type=\"text-editor.default\">\n\t\t\t\t<div class=\"elementor-widget-container\">\n\t\t\t\t\t\t\t\t\t<p><span data-offset-key=\"enb59-0-0\">Hi Leute, ich <\/span><mark class=\"pad__mark pad__mark--inline-advice pad__mark--in-focus\" data-entity-key=\"226\" data-offset-key=\"enb59-1-0\" data-highlight-entity-key=\"226\"><span data-offset-key=\"enb59-1-0\">bins<\/span><\/mark><span data-offset-key=\"enb59-2-0\">, eure Kats. Mein richtiger Name ist Katrin, aber meine Mama hat immer Kats zu mir gesagt, als ich noch klein war, was ich geliebt habe. Jetzt bin ich mittlerweile 21 Jahre alt. <\/span><span id=\"decorator-corrected-entity-id-220\" data-entity-key=\"220\" data-offset-key=\"enb59-3-0\"><span data-offset-key=\"enb59-3-0\">Ja, ich<\/span><\/span> <span id=\"decorator-corrected-entity-id-214\" data-entity-key=\"214\" data-offset-key=\"enb59-5-0\"><span data-offset-key=\"enb59-5-0\">wei\u00df ganz<\/span><\/span><span data-offset-key=\"enb59-6-0\"> sch\u00f6n alt, oder? \ud83d\ude00 <\/span><mark class=\"pad__mark pad__mark--inline-advice\" data-entity-key=\"227\" data-offset-key=\"enb59-7-0\" data-highlight-entity-key=\"227\"><span data-offset-key=\"enb59-7-0\">Ich<\/span><\/mark><span data-offset-key=\"enb59-8-0\"> habe vor 3 Jahren mein Abitur gemacht, mehr schlecht als recht, aber das ist egal! Ich werde eines Tages einen reichen Mann an meiner Seite haben, 2 s\u00fc\u00dfe kleine Kinder mit ihm haben und durch Urlaube, <\/span><mark class=\"pad__mark pad__mark--inline-advice\" data-entity-key=\"228\" data-offset-key=\"enb59-9-0\" data-highlight-entity-key=\"228\"><span data-offset-key=\"enb59-9-0\">charity-events<\/span><\/mark><span data-offset-key=\"enb59-10-0\"> und Shopping sowieso keine Zeit <\/span><span id=\"decorator-corrected-entity-id-225\" data-entity-key=\"225\" data-offset-key=\"enb59-11-0\"><span data-offset-key=\"enb59-11-0\">haben zu<\/span><\/span><span data-offset-key=\"enb59-12-0\"> arbeiten.<\/span><\/p>\t\t\t\t\t\t\t\t<\/div>\n\t\t\t\t<\/div>\n\t\t\t\t\t<\/div>\n\t\t<\/div>\n\t\t\t\t<div class=\"elementor-column elementor-col-50 elementor-top-column elementor-element elementor-element-711172d\" data-id=\"711172d\" data-element_type=\"column\" data-e-type=\"column\">\n\t\t\t<div class=\"elementor-widget-wrap elementor-element-populated\">\n\t\t\t\t\t\t<div class=\"elementor-element elementor-element-71c0fcf elementor-widget elementor-widget-text-editor\" data-id=\"71c0fcf\" data-element_type=\"widget\" data-e-type=\"widget\" data-widget_type=\"text-editor.default\">\n\t\t\t\t<div class=\"elementor-widget-container\">\n\t\t\t\t\t\t\t\t\t<div class=\"\" data-block=\"true\" data-editor=\"bioql\" data-offset-key=\"enb59-0-0\"><div class=\"public-DraftStyleDefault-block public-DraftStyleDefault-ltr\" data-offset-key=\"enb59-0-0\"><span data-offset-key=\"enb59-0-0\">Ich bin ein Scheidungskind. Meine Eltern haben sich vor 10 Jahren getrennt<\/span><mark class=\"pad__mark pad__mark--inline-advice pad__mark--in-focus\" data-entity-key=\"251\" data-offset-key=\"enb59-1-0\" data-highlight-entity-key=\"251\"><span data-offset-key=\"enb59-1-0\">.<br \/>#<\/span><\/mark><mark class=\"pad__mark pad__mark--inline-advice\" data-entity-key=\"252\" data-offset-key=\"enb59-2-0\" data-highlight-entity-key=\"252\"><span data-offset-key=\"enb59-2-0\">sad<\/span><\/mark> <mark class=\"pad__mark pad__mark--inline-advice\" data-entity-key=\"253\" data-offset-key=\"enb59-4-0\" data-highlight-entity-key=\"253\"><span data-offset-key=\"enb59-4-0\">#livegoeson.\u00a0Meinem<\/span><\/mark><span data-offset-key=\"enb59-5-0\"> Vater geht es damit aber sehr gut, er hat erst <\/span><span id=\"decorator-corrected-entity-id-235\" data-entity-key=\"235\" data-offset-key=\"enb59-6-0\"><span data-offset-key=\"enb59-6-0\">seit Kurzem<\/span><\/span><span data-offset-key=\"enb59-7-0\"> eine neue Freundin \u2013 ganz unter uns, sie ist echt <\/span><span id=\"decorator-corrected-entity-id-241\" data-entity-key=\"241\" data-offset-key=\"enb59-8-0\"><span data-offset-key=\"enb59-8-0\">jung \u2013<\/span><\/span><span data-offset-key=\"enb59-9-0\"> aber er scheint gl\u00fccklich zu sein. Meine Mama ist schon lange neu verheiratet. <br \/>Ich liebe Reisen. Am liebsten bin ich mit meinem \u2013 <\/span><span id=\"decorator-corrected-entity-id-250\" data-entity-key=\"250\" data-offset-key=\"enb59-10-0\"><span data-offset-key=\"enb59-10-0\">na ja<\/span><\/span><span data-offset-key=\"enb59-11-0\"> fast \u2013 Katamaran unterwegs. T\u00fcrkises Meer, wei\u00dfe Sandstr\u00e4nde und Cocktails sind meine Ziele.<\/span><\/div><\/div><div class=\"\" data-block=\"true\" data-editor=\"bioql\" data-offset-key=\"bmv2o-0-0\"><div class=\"public-DraftStyleDefault-block public-DraftStyleDefault-ltr\" data-offset-key=\"bmv2o-0-0\"><span data-offset-key=\"bmv2o-0-0\">\u00a0<\/span><\/div><\/div><div class=\"\" data-block=\"true\" data-editor=\"bioql\" data-offset-key=\"cf2kk-0-0\"><div class=\"public-DraftStyleDefault-block public-DraftStyleDefault-ltr\" data-offset-key=\"cf2kk-0-0\"><span data-offset-key=\"cf2kk-0-0\">Ich nehme euch mit in meinem Leben! Freut euch auf Sonne, Wasser und viele Klamotten.<\/span><\/div><\/div><div class=\"\" data-block=\"true\" data-editor=\"bioql\" data-offset-key=\"fqjph-0-0\"><div class=\"public-DraftStyleDefault-block public-DraftStyleDefault-ltr\" data-offset-key=\"fqjph-0-0\"><span data-offset-key=\"fqjph-0-0\">\u00a0<\/span><\/div><\/div><div class=\"\" data-block=\"true\" data-editor=\"bioql\" data-offset-key=\"48qrv-0-0\"><div class=\"public-DraftStyleDefault-block public-DraftStyleDefault-ltr\" data-offset-key=\"48qrv-0-0\"><span data-offset-key=\"48qrv-0-0\">Eure Kats<\/span><\/div><\/div>\t\t\t\t\t\t\t\t<\/div>\n\t\t\t\t<\/div>\n\t\t\t\t\t<\/div>\n\t\t<\/div>\n\t\t\t\t\t<\/div>\n\t\t<\/section>\n\t\t\t\t<section class=\"elementor-section elementor-top-section elementor-element elementor-element-5ef04ae elementor-section-boxed elementor-section-height-default elementor-section-height-default\" data-id=\"5ef04ae\" data-element_type=\"section\" data-e-type=\"section\">\n\t\t\t\t\t\t<div class=\"elementor-container elementor-column-gap-default\">\n\t\t\t\t\t<div class=\"elementor-column elementor-col-100 elementor-top-column elementor-element elementor-element-41919d9\" data-id=\"41919d9\" data-element_type=\"column\" data-e-type=\"column\">\n\t\t\t<div class=\"elementor-widget-wrap elementor-element-populated\">\n\t\t\t\t\t\t<div class=\"elementor-element elementor-element-363c270 elementor-widget elementor-widget-image\" data-id=\"363c270\" data-element_type=\"widget\" data-e-type=\"widget\" data-widget_type=\"image.default\">\n\t\t\t\t<div class=\"elementor-widget-container\">\n\t\t\t\t\t\t\t\t\t\t\t\t\t\t\t<img fetchpriority=\"high\" decoding=\"async\" width=\"1024\" height=\"683\" src=\"https:\/\/www.kats-reiseblog.de\/wp-content\/uploads\/2022\/11\/Kats1-1024x683.jpeg\" class=\"attachment-large size-large wp-image-537\" alt=\"\" srcset=\"https:\/\/www.kats-reiseblog.de\/wp-content\/uploads\/2022\/11\/Kats1-1024x683.jpeg 1024w, https:\/\/www.kats-reiseblog.de\/wp-content\/uploads\/2022\/11\/Kats1-300x200.jpeg 300w, https:\/\/www.kats-reiseblog.de\/wp-content\/uploads\/2022\/11\/Kats1-768x512.jpeg 768w, https:\/\/www.kats-reiseblog.de\/wp-content\/uploads\/2022\/11\/Kats1-1536x1024.jpeg 1536w, https:\/\/www.kats-reiseblog.de\/wp-content\/uploads\/2022\/11\/Kats1-2048x1365.jpeg 2048w\" sizes=\"(max-width: 1024px) 100vw, 1024px\" \/>\t\t\t\t\t\t\t\t\t\t\t\t\t\t\t<\/div>\n\t\t\t\t<\/div>\n\t\t\t\t\t<\/div>\n\t\t<\/div>\n\t\t\t\t\t<\/div>\n\t\t<\/section>\n\t\t\t\t<section class=\"elementor-section elementor-top-section elementor-element elementor-element-75c1a70 elementor-section-boxed elementor-section-height-default elementor-section-height-default\" data-id=\"75c1a70\" data-element_type=\"section\" data-e-type=\"section\">\n\t\t\t\t\t\t<div class=\"elementor-container elementor-column-gap-default\">\n\t\t\t\t\t<div class=\"elementor-column elementor-col-100 elementor-top-column elementor-element elementor-element-c07ff35\" data-id=\"c07ff35\" data-element_type=\"column\" data-e-type=\"column\">\n\t\t\t<div class=\"elementor-widget-wrap elementor-element-populated\">\n\t\t\t\t\t\t<div class=\"elementor-element elementor-element-06b4977 elementor-widget elementor-widget-text-editor\" data-id=\"06b4977\" data-element_type=\"widget\" data-e-type=\"widget\" data-widget_type=\"text-editor.default\">\n\t\t\t\t<div class=\"elementor-widget-container\">\n\t\t\t\t\t\t\t\t\t<p>Datum | Autor: Kats | Kommentare 2<\/p>\t\t\t\t\t\t\t\t<\/div>\n\t\t\t\t<\/div>\n\t\t\t\t\t<\/div>\n\t\t<\/div>\n\t\t\t\t\t<\/div>\n\t\t<\/section>\n\t\t\t\t<section class=\"elementor-section elementor-top-section elementor-element elementor-element-2a7d9e4 elementor-section-boxed elementor-section-height-default elementor-section-height-default\" data-id=\"2a7d9e4\" data-element_type=\"section\" data-e-type=\"section\">\n\t\t\t\t\t\t<div class=\"elementor-container elementor-column-gap-default\">\n\t\t\t\t\t<div class=\"elementor-column elementor-col-100 elementor-top-column elementor-element elementor-element-e194fc8\" data-id=\"e194fc8\" data-element_type=\"column\" data-e-type=\"column\">\n\t\t\t<div class=\"elementor-widget-wrap elementor-element-populated\">\n\t\t\t\t\t\t<div class=\"elementor-element elementor-element-34b6496 elementor-widget elementor-widget-heading\" data-id=\"34b6496\" data-element_type=\"widget\" data-e-type=\"widget\" data-widget_type=\"heading.default\">\n\t\t\t\t<div class=\"elementor-widget-container\">\n\t\t\t\t\t<h2 class=\"elementor-heading-title elementor-size-default\">Kommentare<\/h2>\t\t\t\t<\/div>\n\t\t\t\t<\/div>\n\t\t\t\t<div class=\"elementor-element elementor-element-1dec98b elementor-widget elementor-widget-text-editor\" data-id=\"1dec98b\" data-element_type=\"widget\" data-e-type=\"widget\" data-widget_type=\"text-editor.default\">\n\t\t\t\t<div class=\"elementor-widget-container\">\n\t\t\t\t\t\t\t\t\t<p><strong>Sibbel23:<\/strong> Deine Fotos sehen toll aus! Ich freue mich, dir auf deinen Reisen zu folgen.<\/p><p>29.03.2019 | 18:14<\/p>\t\t\t\t\t\t\t\t<\/div>\n\t\t\t\t<\/div>\n\t\t\t\t<div class=\"elementor-element elementor-element-8103ce6 elementor-widget elementor-widget-text-editor\" data-id=\"8103ce6\" data-element_type=\"widget\" data-e-type=\"widget\" data-widget_type=\"text-editor.default\">\n\t\t\t\t<div class=\"elementor-widget-container\">\n\t\t\t\t\t\t\t\t\t<p><strong>Bonni.klein<\/strong>: Du h\u00f6rst dich sehr sympathisch an. Freue mich mehr von dir zu lesen und zu h\u00f6ren.<\/p><p>29.03.2019 | 20:02<\/p>\t\t\t\t\t\t\t\t<\/div>\n\t\t\t\t<\/div>\n\t\t\t\t\t<\/div>\n\t\t<\/div>\n\t\t\t\t\t<\/div>\n\t\t<\/section>\n\t\t\t\t<\/div>\n\t\t","protected":false},"excerpt":{"rendered":"<p>That\u00b4s me Hi Leute, ich bins, eure Kats. Mein richtiger Name ist Katrin, aber meine Mama hat immer Kats zu mir gesagt, als ich noch klein war, was ich geliebt habe. Jetzt bin ich mittlerweile 21 Jahre alt. Ja, ich wei\u00df ganz sch\u00f6n alt, oder? \ud83d\ude00 Ich habe vor 3 Jahren mein Abitur gemacht, mehr [&hellip;]<\/p>\n","protected":false},"author":1,"featured_media":0,"parent":0,"menu_order":0,"comment_status":"closed","ping_status":"closed","template":"","meta":{"site-sidebar-layout":"no-sidebar","site-content-layout":"page-builder","ast-site-content-layout":"default","site-content-style":"default","site-sidebar-style":"default","ast-global-header-display":"","ast-banner-title-visibility":"","ast-main-header-display":"","ast-hfb-above-header-display":"","ast-hfb-below-header-display":"","ast-hfb-mobile-header-display":"","site-post-title":"disabled","ast-breadcrumbs-content":"","ast-featured-img":"disabled","footer-sml-layout":"","ast-disable-related-posts":"","theme-transparent-header-meta":"","adv-header-id-meta":"","stick-header-meta":"","header-above-stick-meta":"","header-main-stick-meta":"","header-below-stick-meta":"","astra-migrate-meta-layouts":"default","ast-page-background-enabled":"default","ast-page-background-meta":{"desktop":{"background-color":"var(--ast-global-color-4)","background-image":"","background-repeat":"repeat","background-position":"center center","background-size":"auto","background-attachment":"scroll","background-type":"","background-media":"","overlay-type":"","overlay-color":"","overlay-opacity":"","overlay-gradient":""},"tablet":{"background-color":"","background-image":"","background-repeat":"repeat","background-position":"center center","background-size":"auto","background-attachment":"scroll","background-type":"","background-media":"","overlay-type":"","overlay-color":"","overlay-opacity":"","overlay-gradient":""},"mobile":{"background-color":"","background-image":"","background-repeat":"repeat","background-position":"center center","background-size":"auto","background-attachment":"scroll","background-type":"","background-media":"","overlay-type":"","overlay-color":"","overlay-opacity":"","overlay-gradient":""}},"ast-content-background-meta":{"desktop":{"background-color":"var(--ast-global-color-5)","background-image":"","background-repeat":"repeat","background-position":"center center","background-size":"auto","background-attachment":"scroll","background-type":"","background-media":"","overlay-type":"","overlay-color":"","overlay-opacity":"","overlay-gradient":""},"tablet":{"background-color":"var(--ast-global-color-5)","background-image":"","background-repeat":"repeat","background-position":"center center","background-size":"auto","background-attachment":"scroll","background-type":"","background-media":"","overlay-type":"","overlay-color":"","overlay-opacity":"","overlay-gradient":""},"mobile":{"background-color":"var(--ast-global-color-5)","background-image":"","background-repeat":"repeat","background-position":"center center","background-size":"auto","background-attachment":"scroll","background-type":"","background-media":"","overlay-type":"","overlay-color":"","overlay-opacity":"","overlay-gradient":""}},"footnotes":""},"class_list":["post-38","page","type-page","status-publish","hentry"],"_links":{"self":[{"href":"https:\/\/www.kats-reiseblog.de\/index.php\/wp-json\/wp\/v2\/pages\/38","targetHints":{"allow":["GET"]}}],"collection":[{"href":"https:\/\/www.kats-reiseblog.de\/index.php\/wp-json\/wp\/v2\/pages"}],"about":[{"href":"https:\/\/www.kats-reiseblog.de\/index.php\/wp-json\/wp\/v2\/types\/page"}],"author":[{"embeddable":true,"href":"https:\/\/www.kats-reiseblog.de\/index.php\/wp-json\/wp\/v2\/users\/1"}],"replies":[{"embeddable":true,"href":"https:\/\/www.kats-reiseblog.de\/index.php\/wp-json\/wp\/v2\/comments?post=38"}],"version-history":[{"count":5,"href":"https:\/\/www.kats-reiseblog.de\/index.php\/wp-json\/wp\/v2\/pages\/38\/revisions"}],"predecessor-version":[{"id":620,"href":"https:\/\/www.kats-reiseblog.de\/index.php\/wp-json\/wp\/v2\/pages\/38\/revisions\/620"}],"wp:attachment":[{"href":"https:\/\/www.kats-reiseblog.de\/index.php\/wp-json\/wp\/v2\/media?parent=38"}],"curies":[{"name":"wp","href":"https:\/\/api.w.org\/{rel}","templated":true}]}}