{"id":174,"date":"2021-11-19T14:12:35","date_gmt":"2021-11-19T13:12:35","guid":{"rendered":"https:\/\/www.kats-reiseblog.de\/?page_id=174"},"modified":"2022-11-17T09:16:34","modified_gmt":"2022-11-17T08:16:34","slug":"elementor-174","status":"publish","type":"page","link":"https:\/\/www.kats-reiseblog.de\/index.php\/elementor-174\/","title":{"rendered":"Tag 91 \u2013 Puerto Rico"},"content":{"rendered":"\t\t<div data-elementor-type=\"wp-page\" data-elementor-id=\"174\" class=\"elementor elementor-174\">\n\t\t\t\t\t\t<section class=\"elementor-section elementor-top-section elementor-element elementor-element-c9985ea elementor-section-boxed elementor-section-height-default elementor-section-height-default\" data-id=\"c9985ea\" data-element_type=\"section\" data-e-type=\"section\" data-settings=\"{&quot;background_background&quot;:&quot;classic&quot;}\">\n\t\t\t\t\t\t<div class=\"elementor-container elementor-column-gap-default\">\n\t\t\t\t\t<div class=\"elementor-column elementor-col-100 elementor-top-column elementor-element elementor-element-bfb730a\" data-id=\"bfb730a\" data-element_type=\"column\" data-e-type=\"column\">\n\t\t\t<div class=\"elementor-widget-wrap\">\n\t\t\t\t\t\t\t<\/div>\n\t\t<\/div>\n\t\t\t\t\t<\/div>\n\t\t<\/section>\n\t\t\t\t<section class=\"elementor-section elementor-top-section elementor-element elementor-element-6ecb640 elementor-section-stretched elementor-section-boxed elementor-section-height-default elementor-section-height-default\" data-id=\"6ecb640\" data-element_type=\"section\" data-e-type=\"section\" data-settings=\"{&quot;stretch_section&quot;:&quot;section-stretched&quot;}\">\n\t\t\t\t\t\t<div class=\"elementor-container elementor-column-gap-default\">\n\t\t\t\t\t<div class=\"elementor-column elementor-col-100 elementor-top-column elementor-element elementor-element-dfe9845\" data-id=\"dfe9845\" data-element_type=\"column\" data-e-type=\"column\">\n\t\t\t<div class=\"elementor-widget-wrap elementor-element-populated\">\n\t\t\t\t\t\t<div class=\"elementor-element elementor-element-6e32913 elementor-widget elementor-widget-heading\" data-id=\"6e32913\" data-element_type=\"widget\" data-e-type=\"widget\" data-widget_type=\"heading.default\">\n\t\t\t\t<div class=\"elementor-widget-container\">\n\t\t\t\t\t<h2 class=\"elementor-heading-title elementor-size-default\">Tag 91 \u2013 Puerto Rico<\/h2>\t\t\t\t<\/div>\n\t\t\t\t<\/div>\n\t\t\t\t\t<\/div>\n\t\t<\/div>\n\t\t\t\t\t<\/div>\n\t\t<\/section>\n\t\t\t\t<section class=\"elementor-section elementor-top-section elementor-element elementor-element-ccd65f1 elementor-section-full_width elementor-section-stretched elementor-section-height-default elementor-section-height-default\" data-id=\"ccd65f1\" data-element_type=\"section\" data-e-type=\"section\" data-settings=\"{&quot;stretch_section&quot;:&quot;section-stretched&quot;}\">\n\t\t\t\t\t\t<div class=\"elementor-container elementor-column-gap-default\">\n\t\t\t\t\t<div class=\"elementor-column elementor-col-50 elementor-top-column elementor-element elementor-element-c4ee1bd\" data-id=\"c4ee1bd\" data-element_type=\"column\" data-e-type=\"column\">\n\t\t\t<div class=\"elementor-widget-wrap elementor-element-populated\">\n\t\t\t\t\t\t<div class=\"elementor-element elementor-element-cf03db9 elementor-widget elementor-widget-text-editor\" data-id=\"cf03db9\" data-element_type=\"widget\" data-e-type=\"widget\" data-widget_type=\"text-editor.default\">\n\t\t\t\t<div class=\"elementor-widget-container\">\n\t\t\t\t\t\t\t\t\t<p>Puerto Rico Baby! Wir haben in den letzten Tagen ein Insel-hopping gemacht. Von Barbados aus sind wir nach Martinique, dann nach Guadeloupe, nach Anguilla und jetzt nach Puerto Rico gesegelt. Es war toll, diese ganzen unterschiedlichen karibischen Inseln zu sehen. Hier ist es sehr hei\u00df und schw\u00fcl. Wir haben 31 grad und die Sonne brennt.<\/p><p><span data-offset-key=\"enb59-0-0\">W\u00e4hrend der Zeit auf dem Katamaran lerne ich auch noch sehr viel dazu, was gut ist, wenn ich den Kutter bald \u00fcbernehme. Zum Beispiel gibt es ein digitales Logbuch, welches wir regelm\u00e4\u00dfig f\u00fchren m\u00fcssen. In das Logbuch werden wichtige Informationen wie besondere Wetterbedingungen oder andere besondere Vorkommnisse auf dem Schiff eingetragen. Nicht alle haben Zugang zu dem Logbuch, aber <\/span><span id=\"decorator-corrected-entity-id-178\" data-entity-key=\"178\" data-offset-key=\"enb59-1-0\"><span data-offset-key=\"enb59-1-0\">alle, die<\/span><\/span><span data-offset-key=\"enb59-2-0\"> etwas dort eintragen, haben eine eigene User-ID, mit der man sich dort einloggen muss und einen pers\u00f6nlichen Pin. Die User-ID ist individuell, meine ist <\/span><span id=\"decorator-corrected-entity-id-182\" data-entity-key=\"182\" data-offset-key=\"enb59-3-0\"><span data-offset-key=\"enb59-3-0\">z. B.<\/span><\/span><span data-offset-key=\"enb59-4-0\"> 116-3-0298. Ihr fragt euch sicher, wie die Zahl zustande\u00a0<\/span><span id=\"decorator-corrected-entity-id-185\" data-entity-key=\"185\" data-offset-key=\"enb59-5-0\"><span data-offset-key=\"enb59-5-0\">kommt. Ich<\/span><\/span><span data-offset-key=\"enb59-6-0\"> rege mal eure grauen Gehirnzellen an: <\/span><span id=\"decorator-corrected-entity-id-188\" data-entity-key=\"188\" data-offset-key=\"enb59-7-0\"><span data-offset-key=\"enb59-7-0\">Also<\/span><\/span><span data-offset-key=\"enb59-8-0\"> die letzten vier Zahlen sollten euch ja bekannt vorkommen, ihr wisst ja schlie\u00dflich alle, wann ich Geburtstag habe <\/span><img decoding=\"async\" class=\"emoji\" role=\"img\" draggable=\"false\" src=\"https:\/\/s.w.org\/images\/core\/emoji\/14.0.0\/svg\/1f609.svg\" alt=\"\ud83d\ude09\" \/>.\u00a0<\/p>\t\t\t\t\t\t\t\t<\/div>\n\t\t\t\t<\/div>\n\t\t\t\t\t<\/div>\n\t\t<\/div>\n\t\t\t\t<div class=\"elementor-column elementor-col-50 elementor-top-column elementor-element elementor-element-e399603\" data-id=\"e399603\" data-element_type=\"column\" data-e-type=\"column\">\n\t\t\t<div class=\"elementor-widget-wrap elementor-element-populated\">\n\t\t\t\t\t\t<div class=\"elementor-element elementor-element-242aaf8 elementor-widget elementor-widget-text-editor\" data-id=\"242aaf8\" data-element_type=\"widget\" data-e-type=\"widget\" data-widget_type=\"text-editor.default\">\n\t\t\t\t<div class=\"elementor-widget-container\">\n\t\t\t\t\t\t\t\t\t<p><span data-offset-key=\"enb59-0-0\">Die ersten 3 Zahlen haben etwas mit meinen Anfangsbuchstaben von meinem Vor- und Nachnamen zu tun, K und F. Betrachtet die Zahlen mal als eine 11 und eine 6. Und die mittlere Zahl habe ich bereits in einem meiner Blogs erw\u00e4hnt, erinnert ihr euch an meine Zimmernummer auf dem Schiff? Klar. <\/span><span id=\"decorator-corrected-entity-id-191\" data-entity-key=\"191\" data-offset-key=\"enb59-1-0\"><span data-offset-key=\"enb59-1-0\">Ja, und<\/span><\/span><span data-offset-key=\"enb59-2-0\"> so hat halt jeder seine eigene <\/span><mark class=\"pad__mark pad__mark--inline-advice pad__mark--in-focus\" data-entity-key=\"198\" data-offset-key=\"enb59-3-0\" data-highlight-entity-key=\"198\"><span data-offset-key=\"enb59-3-0\">ID.<\/span><\/mark><span data-offset-key=\"enb59-4-0\"> Ganz gut, um hinterher nachzuvollziehen, wer was wann eingetragen hat. Das werde ich sicher auch beibehalten, wenn ich Kapit\u00e4nin dieses Katamarans bin.<\/span><\/p><div class=\"\" data-block=\"true\" data-editor=\"bioql\" data-offset-key=\"enb59-0-0\"><div class=\"public-DraftStyleDefault-block public-DraftStyleDefault-ltr\" data-offset-key=\"enb59-0-0\"><span data-offset-key=\"enb59-0-0\">Die Tage vergehen manchmal schleppend. Zum Gl\u00fcck habe ich hier nette <\/span><mark class=\"pad__mark pad__mark--inline-advice pad__mark--in-focus\" data-entity-key=\"204\" data-offset-key=\"enb59-1-0\" data-highlight-entity-key=\"204\"><span data-offset-key=\"enb59-1-0\">Begleitung \ud83d\ude09<\/span><\/mark><span data-offset-key=\"enb59-2-0\">\u00a0einer gef\u00e4llt mir besonders gut, aber er ziert sich noch sehr. Ich werde ihn schon noch rumkriegen. Ablehnungen lasse ich mir nicht gefallen. Manche muss man eben zu ihrem Gl\u00fcck zwingen.<\/span><\/div><\/div><div class=\"\" data-block=\"true\" data-editor=\"bioql\" data-offset-key=\"9jjpr-0-0\"><div class=\"public-DraftStyleDefault-block public-DraftStyleDefault-ltr\" data-offset-key=\"9jjpr-0-0\"><span data-offset-key=\"9jjpr-0-0\">\u00a0<\/span><\/div><\/div><div class=\"\" data-block=\"true\" data-editor=\"bioql\" data-offset-key=\"eeoa9-0-0\"><div class=\"public-DraftStyleDefault-block public-DraftStyleDefault-ltr\" data-offset-key=\"eeoa9-0-0\"><span data-offset-key=\"eeoa9-0-0\">Ich werde euch die Tage noch mit ein paar mehr Fotos begl\u00fccken. Jetzt gehe ich ins Bett. Ich w\u00fcnsche euch eine gute Nacht.<\/span><\/div><\/div><div class=\"\" data-block=\"true\" data-editor=\"bioql\" data-offset-key=\"5iar6-0-0\"><div class=\"public-DraftStyleDefault-block public-DraftStyleDefault-ltr\" data-offset-key=\"5iar6-0-0\"><span data-offset-key=\"5iar6-0-0\">\u00a0<\/span><\/div><\/div><div class=\"\" data-block=\"true\" data-editor=\"bioql\" data-offset-key=\"7vcp2-0-0\"><div class=\"public-DraftStyleDefault-block public-DraftStyleDefault-ltr\" data-offset-key=\"7vcp2-0-0\"><mark class=\"pad__mark pad__mark--inline-advice\" data-entity-key=\"205\" data-offset-key=\"7vcp2-0-0\" data-highlight-entity-key=\"205\"><span data-offset-key=\"7vcp2-0-0\">XOXO<\/span><\/mark><span data-offset-key=\"7vcp2-1-0\"> Kats<\/span><\/div><\/div>\t\t\t\t\t\t\t\t<\/div>\n\t\t\t\t<\/div>\n\t\t\t\t\t<\/div>\n\t\t<\/div>\n\t\t\t\t\t<\/div>\n\t\t<\/section>\n\t\t\t\t<section class=\"elementor-section elementor-top-section elementor-element elementor-element-80c00aa elementor-section-boxed elementor-section-height-default elementor-section-height-default\" data-id=\"80c00aa\" data-element_type=\"section\" data-e-type=\"section\">\n\t\t\t\t\t\t<div class=\"elementor-container elementor-column-gap-default\">\n\t\t\t\t\t<div class=\"elementor-column elementor-col-100 elementor-top-column elementor-element elementor-element-36fef17\" data-id=\"36fef17\" data-element_type=\"column\" data-e-type=\"column\">\n\t\t\t<div class=\"elementor-widget-wrap elementor-element-populated\">\n\t\t\t\t\t\t<div class=\"elementor-element elementor-element-3e4ba80 elementor-widget elementor-widget-image\" data-id=\"3e4ba80\" data-element_type=\"widget\" data-e-type=\"widget\" data-widget_type=\"image.default\">\n\t\t\t\t<div class=\"elementor-widget-container\">\n\t\t\t\t\t\t\t\t\t\t\t\t\t\t\t<img fetchpriority=\"high\" decoding=\"async\" width=\"1707\" height=\"2560\" src=\"https:\/\/www.kats-reiseblog.de\/wp-content\/uploads\/2022\/11\/Kats2-scaled.jpeg\" class=\"attachment-full size-full wp-image-541\" alt=\"\" srcset=\"https:\/\/www.kats-reiseblog.de\/wp-content\/uploads\/2022\/11\/Kats2-scaled.jpeg 1707w, https:\/\/www.kats-reiseblog.de\/wp-content\/uploads\/2022\/11\/Kats2-200x300.jpeg 200w, https:\/\/www.kats-reiseblog.de\/wp-content\/uploads\/2022\/11\/Kats2-683x1024.jpeg 683w, https:\/\/www.kats-reiseblog.de\/wp-content\/uploads\/2022\/11\/Kats2-768x1152.jpeg 768w, https:\/\/www.kats-reiseblog.de\/wp-content\/uploads\/2022\/11\/Kats2-1024x1536.jpeg 1024w, https:\/\/www.kats-reiseblog.de\/wp-content\/uploads\/2022\/11\/Kats2-1365x2048.jpeg 1365w\" sizes=\"(max-width: 1707px) 100vw, 1707px\" \/>\t\t\t\t\t\t\t\t\t\t\t\t\t\t\t<\/div>\n\t\t\t\t<\/div>\n\t\t\t\t<div class=\"elementor-element elementor-element-c644b30 elementor-widget elementor-widget-text-editor\" data-id=\"c644b30\" data-element_type=\"widget\" data-e-type=\"widget\" data-widget_type=\"text-editor.default\">\n\t\t\t\t<div class=\"elementor-widget-container\">\n\t\t\t\t\t\t\t\t\t<p>Datum | Autor: Kats | Kommentare 2<\/p>\t\t\t\t\t\t\t\t<\/div>\n\t\t\t\t<\/div>\n\t\t\t\t\t<\/div>\n\t\t<\/div>\n\t\t\t\t\t<\/div>\n\t\t<\/section>\n\t\t\t\t<section class=\"elementor-section elementor-top-section elementor-element elementor-element-d0c7396 elementor-section-stretched elementor-section-boxed elementor-section-height-default elementor-section-height-default\" data-id=\"d0c7396\" data-element_type=\"section\" data-e-type=\"section\" data-settings=\"{&quot;stretch_section&quot;:&quot;section-stretched&quot;}\">\n\t\t\t\t\t\t<div class=\"elementor-container elementor-column-gap-default\">\n\t\t\t\t\t<div class=\"elementor-column elementor-col-100 elementor-top-column elementor-element elementor-element-687781a\" data-id=\"687781a\" data-element_type=\"column\" data-e-type=\"column\">\n\t\t\t<div class=\"elementor-widget-wrap elementor-element-populated\">\n\t\t\t\t\t\t<div class=\"elementor-element elementor-element-2c96e83 elementor-widget elementor-widget-heading\" data-id=\"2c96e83\" data-element_type=\"widget\" data-e-type=\"widget\" data-widget_type=\"heading.default\">\n\t\t\t\t<div class=\"elementor-widget-container\">\n\t\t\t\t\t<h2 class=\"elementor-heading-title elementor-size-default\">Kommentare<\/h2>\t\t\t\t<\/div>\n\t\t\t\t<\/div>\n\t\t\t\t<div class=\"elementor-element elementor-element-f74ba56 elementor-widget elementor-widget-text-editor\" data-id=\"f74ba56\" data-element_type=\"widget\" data-e-type=\"widget\" data-widget_type=\"text-editor.default\">\n\t\t\t\t<div class=\"elementor-widget-container\">\n\t\t\t\t\t\t\t\t\t<p><strong>Edgar665:<\/strong> Meine Kleine. Du bist wundersch\u00f6n. Wenn dich jemals jemand anpackt oder verletzt, kriegt er es mit mir zu tun!<\/p><p>27.06.2019 | 11:31<\/p>\t\t\t\t\t\t\t\t<\/div>\n\t\t\t\t<\/div>\n\t\t\t\t<div class=\"elementor-element elementor-element-a410c87 elementor-widget elementor-widget-text-editor\" data-id=\"a410c87\" data-element_type=\"widget\" data-e-type=\"widget\" data-widget_type=\"text-editor.default\">\n\t\t\t\t<div class=\"elementor-widget-container\">\n\t\t\t\t\t\t\t\t\t<p><strong>AlecNew<\/strong> : Du musst doch gar nicht viel tun, um jemanden rumzukriegen. Mich k\u00f6nntest du direkt haben!<\/p><p>28.06.2019 | \u00a020:57<\/p>\t\t\t\t\t\t\t\t<\/div>\n\t\t\t\t<\/div>\n\t\t\t\t\t<\/div>\n\t\t<\/div>\n\t\t\t\t\t<\/div>\n\t\t<\/section>\n\t\t\t\t<section class=\"elementor-section elementor-top-section elementor-element elementor-element-736ffe1 elementor-section-boxed elementor-section-height-default elementor-section-height-default\" data-id=\"736ffe1\" data-element_type=\"section\" data-e-type=\"section\">\n\t\t\t\t\t\t<div class=\"elementor-container elementor-column-gap-default\">\n\t\t\t\t\t<div class=\"elementor-column elementor-col-100 elementor-top-column elementor-element elementor-element-934d03e\" data-id=\"934d03e\" data-element_type=\"column\" data-e-type=\"column\">\n\t\t\t<div class=\"elementor-widget-wrap elementor-element-populated\">\n\t\t\t\t\t\t<div class=\"elementor-element elementor-element-7b08cc7 elementor-widget elementor-widget-image\" data-id=\"7b08cc7\" data-element_type=\"widget\" data-e-type=\"widget\" data-widget_type=\"image.default\">\n\t\t\t\t<div class=\"elementor-widget-container\">\n\t\t\t\t\t\t\t\t\t\t\t\t\t\t\t<img decoding=\"async\" width=\"1024\" height=\"683\" src=\"https:\/\/www.kats-reiseblog.de\/wp-content\/uploads\/2022\/11\/Katss3-1024x683.jpeg\" class=\"attachment-large size-large wp-image-542\" alt=\"\" srcset=\"https:\/\/www.kats-reiseblog.de\/wp-content\/uploads\/2022\/11\/Katss3-1024x683.jpeg 1024w, https:\/\/www.kats-reiseblog.de\/wp-content\/uploads\/2022\/11\/Katss3-300x200.jpeg 300w, https:\/\/www.kats-reiseblog.de\/wp-content\/uploads\/2022\/11\/Katss3-768x512.jpeg 768w, https:\/\/www.kats-reiseblog.de\/wp-content\/uploads\/2022\/11\/Katss3-1536x1024.jpeg 1536w, https:\/\/www.kats-reiseblog.de\/wp-content\/uploads\/2022\/11\/Katss3-2048x1365.jpeg 2048w\" sizes=\"(max-width: 1024px) 100vw, 1024px\" \/>\t\t\t\t\t\t\t\t\t\t\t\t\t\t\t<\/div>\n\t\t\t\t<\/div>\n\t\t\t\t<div class=\"elementor-element elementor-element-773a5f4 elementor-widget elementor-widget-text-editor\" data-id=\"773a5f4\" data-element_type=\"widget\" data-e-type=\"widget\" data-widget_type=\"text-editor.default\">\n\t\t\t\t<div class=\"elementor-widget-container\">\n\t\t\t\t\t\t\t\t\t<p>Datum | Autor: Kats | Kommentare 0<\/p>\t\t\t\t\t\t\t\t<\/div>\n\t\t\t\t<\/div>\n\t\t\t\t\t<\/div>\n\t\t<\/div>\n\t\t\t\t\t<\/div>\n\t\t<\/section>\n\t\t\t\t<section class=\"elementor-section elementor-top-section elementor-element elementor-element-7fb6840 elementor-section-boxed elementor-section-height-default elementor-section-height-default\" data-id=\"7fb6840\" data-element_type=\"section\" data-e-type=\"section\">\n\t\t\t\t\t\t<div class=\"elementor-container elementor-column-gap-default\">\n\t\t\t\t\t<div class=\"elementor-column elementor-col-100 elementor-top-column elementor-element elementor-element-6b8b50e\" data-id=\"6b8b50e\" data-element_type=\"column\" data-e-type=\"column\">\n\t\t\t<div class=\"elementor-widget-wrap elementor-element-populated\">\n\t\t\t\t\t\t<div class=\"elementor-element elementor-element-f6963c6 elementor-widget elementor-widget-heading\" data-id=\"f6963c6\" data-element_type=\"widget\" data-e-type=\"widget\" data-widget_type=\"heading.default\">\n\t\t\t\t<div class=\"elementor-widget-container\">\n\t\t\t\t\t<h2 class=\"elementor-heading-title elementor-size-default\">Kommentare<\/h2>\t\t\t\t<\/div>\n\t\t\t\t<\/div>\n\t\t\t\t\t<\/div>\n\t\t<\/div>\n\t\t\t\t\t<\/div>\n\t\t<\/section>\n\t\t\t\t<\/div>\n\t\t","protected":false},"excerpt":{"rendered":"<p>Tag 91 \u2013 Puerto Rico Puerto Rico Baby! Wir haben in den letzten Tagen ein Insel-hopping gemacht. Von Barbados aus sind wir nach Martinique, dann nach Guadeloupe, nach Anguilla und jetzt nach Puerto Rico gesegelt. Es war toll, diese ganzen unterschiedlichen karibischen Inseln zu sehen. Hier ist es sehr hei\u00df und schw\u00fcl. Wir haben 31 [&hellip;]<\/p>\n","protected":false},"author":1,"featured_media":0,"parent":0,"menu_order":0,"comment_status":"closed","ping_status":"closed","template":"","meta":{"site-sidebar-layout":"no-sidebar","site-content-layout":"page-builder","ast-site-content-layout":"default","site-content-style":"default","site-sidebar-style":"default","ast-global-header-display":"","ast-banner-title-visibility":"","ast-main-header-display":"","ast-hfb-above-header-display":"","ast-hfb-below-header-display":"","ast-hfb-mobile-header-display":"","site-post-title":"disabled","ast-breadcrumbs-content":"","ast-featured-img":"disabled","footer-sml-layout":"","ast-disable-related-posts":"","theme-transparent-header-meta":"","adv-header-id-meta":"","stick-header-meta":"","header-above-stick-meta":"","header-main-stick-meta":"","header-below-stick-meta":"","astra-migrate-meta-layouts":"default","ast-page-background-enabled":"default","ast-page-background-meta":{"desktop":{"background-color":"var(--ast-global-color-4)","background-image":"","background-repeat":"repeat","background-position":"center center","background-size":"auto","background-attachment":"scroll","background-type":"","background-media":"","overlay-type":"","overlay-color":"","overlay-opacity":"","overlay-gradient":""},"tablet":{"background-color":"","background-image":"","background-repeat":"repeat","background-position":"center center","background-size":"auto","background-attachment":"scroll","background-type":"","background-media":"","overlay-type":"","overlay-color":"","overlay-opacity":"","overlay-gradient":""},"mobile":{"background-color":"","background-image":"","background-repeat":"repeat","background-position":"center center","background-size":"auto","background-attachment":"scroll","background-type":"","background-media":"","overlay-type":"","overlay-color":"","overlay-opacity":"","overlay-gradient":""}},"ast-content-background-meta":{"desktop":{"background-color":"var(--ast-global-color-5)","background-image":"","background-repeat":"repeat","background-position":"center center","background-size":"auto","background-attachment":"scroll","background-type":"","background-media":"","overlay-type":"","overlay-color":"","overlay-opacity":"","overlay-gradient":""},"tablet":{"background-color":"var(--ast-global-color-5)","background-image":"","background-repeat":"repeat","background-position":"center center","background-size":"auto","background-attachment":"scroll","background-type":"","background-media":"","overlay-type":"","overlay-color":"","overlay-opacity":"","overlay-gradient":""},"mobile":{"background-color":"var(--ast-global-color-5)","background-image":"","background-repeat":"repeat","background-position":"center center","background-size":"auto","background-attachment":"scroll","background-type":"","background-media":"","overlay-type":"","overlay-color":"","overlay-opacity":"","overlay-gradient":""}},"footnotes":""},"class_list":["post-174","page","type-page","status-publish","hentry"],"_links":{"self":[{"href":"https:\/\/www.kats-reiseblog.de\/index.php\/wp-json\/wp\/v2\/pages\/174","targetHints":{"allow":["GET"]}}],"collection":[{"href":"https:\/\/www.kats-reiseblog.de\/index.php\/wp-json\/wp\/v2\/pages"}],"about":[{"href":"https:\/\/www.kats-reiseblog.de\/index.php\/wp-json\/wp\/v2\/types\/page"}],"author":[{"embeddable":true,"href":"https:\/\/www.kats-reiseblog.de\/index.php\/wp-json\/wp\/v2\/users\/1"}],"replies":[{"embeddable":true,"href":"https:\/\/www.kats-reiseblog.de\/index.php\/wp-json\/wp\/v2\/comments?post=174"}],"version-history":[{"count":5,"href":"https:\/\/www.kats-reiseblog.de\/index.php\/wp-json\/wp\/v2\/pages\/174\/revisions"}],"predecessor-version":[{"id":611,"href":"https:\/\/www.kats-reiseblog.de\/index.php\/wp-json\/wp\/v2\/pages\/174\/revisions\/611"}],"wp:attachment":[{"href":"https:\/\/www.kats-reiseblog.de\/index.php\/wp-json\/wp\/v2\/media?parent=174"}],"curies":[{"name":"wp","href":"https:\/\/api.w.org\/{rel}","templated":true}]}}